{"id":267,"date":"2016-01-28T12:23:02","date_gmt":"2016-01-28T17:23:02","guid":{"rendered":"http:\/\/faculty.fiu.edu\/~aeaton\/?page_id=267"},"modified":"2026-04-08T08:46:48","modified_gmt":"2026-04-08T12:46:48","slug":"media","status":"publish","type":"page","link":"https:\/\/faculty.fiu.edu\/~aeaton\/media\/","title":{"rendered":"Media"},"content":{"rendered":"<p>Dr. Eaton&#8217;s recent media and community appearances are below:<\/p>\n<p style=\"text-align: center;\"><em><strong>SELECT<\/strong><\/em> PRINT AND AUDIO INTERVIEWS AND APPEARANCES<\/p>\n<blockquote><p>Dr. Eaton&#8217;s blog for <a href=\"https:\/\/www.psychologytoday.com\/us\/blog\/power-women-relationships\" target=\"_blank\" rel=\"noopener\"><em>Psychology Today<\/em><\/a> (2020-present)<\/p><\/blockquote>\n<blockquote><p>Interviewed for article by <em>Chronically Online Magazine<\/em> in 2026 &#8220;<a href=\"https:\/\/com.manychat.com\/article\/artificial-exploitation\">Artificial Exploitation: AI porn is getting real \u2014 and that\u2019s a problem&#8221;<\/a><\/p><\/blockquote>\n<blockquote><p>Interviewed for report by <em>RepresentWomen<\/em> in 2026 &#8220;<a href=\"https:\/\/www.representwomen.org\/online_violence_against_black_women_is_a_systems_failure_and_a_threat_to_democracy\">Online Violence Against Black Women is a Systems Failure and a Threat to Democracy<\/a>&#8220;<\/p><\/blockquote>\n<blockquote><p>Research featured in <em>PsyPost<\/em> in 2025 &#8220;<a href=\"https:\/\/www.psypost.org\/study-sheds-light-on-household-labor-dynamics-for-women-partnered-with-women-vs-men\/\">Study sheds light on household labor dynamics for women partnered with women vs. men<\/a>&#8220;<\/p><\/blockquote>\n<blockquote><p>Interviewed on <em>The Qasim Rashid Show<\/em> in 2025 &#8220;<a href=\"https:\/\/www.qasimrashid.com\/p\/the-qasim-rashid-show-episode-200\">Episode 200: A landmark episode celebrating 200 shows and our brilliant guest, Dr. Asia Eaton<\/a>&#8220;<\/p><\/blockquote>\n<blockquote><p>Interviewed for article in <em>Indicator<\/em> in 2025 &#8220;<a href=\"https:\/\/indicator.media\/p\/nonconsensual-nude-generators-had-another-banner-year-what-will-it-take-to-defeat-them?gift_content=62678089-7d8a-4c3d-af3c-818b6a60dd2c\">Nonconsensual nude generators had another banner year. What will it take to defeat them?<\/a>&#8220;<\/p><\/blockquote>\n<blockquote><p>Interviewed for article in <em>The Philadelphia Inquirer<\/em> in 2025 &#8220;<a href=\"https:\/\/www.inquirer.com\/news\/revenge-porn-nonconsensual-image-sexual-abuse-victims-laws-court-cases-20250712.html\">A Philly man is accused of stealing nude images of women and posting them online. His accusers describe how he exploited their trust<\/a>&#8220;<\/p><\/blockquote>\n<blockquote><p>Interviewed for article in <em>Spectrum News<\/em> in 2025 &#8220;<a href=\"https:\/\/spectrumlocalnews.com\/nys\/central-ny\/your-mental-health\/2025\/04\/29\/image-based-sexual-abuse-mental-health\">Intimate image abuse is on the rise. What does that mean for our mental health?<\/a>&#8220;<\/p><\/blockquote>\n<blockquote><p>Interviewed for article in the <em>Boca Raton Observer<\/em> in 2025 &#8220;<a href=\"https:\/\/bocaratonobserver.com\/culture\/features\/no-ring-no-regrets\/\">No Ring, No Regrets: Why More And More Women Are Choosing Not To Marry<\/a>&#8220;<\/p><\/blockquote>\n<blockquote><p>Research Featured in <em>Tech Policy Press<\/em> in 2024 &#8220;<a href=\"https:\/\/www.techpolicy.press\/new-research-highlights-xs-failures-in-removing-nonconsensual-intimate-media\/ \">New Research Highlights X&#8217;s Failures in Removing Non-Consensual Intimate Media<\/a>&#8220;<\/p><\/blockquote>\n<blockquote><p>Quoted in article for <em>TribLive<\/em> in 2024 &#8220;<a href=\"https:\/\/triblive.com\/local\/regional\/maximum-hurt-washington-co-woman-sues-ex-for-sending-nude-images-to-hundreds-of-co-workers\/\">Washington County woman sues ex for sending nude images to hundreds of co-workers<\/a>&#8220;<\/p><\/blockquote>\n<blockquote><p>Co-authored article in <em>360Info<\/em> in 2024 &#8220;<a href=\"https:\/\/360info.org\/legal-loopholes-dont-help-victims-of-sexualised-deepfake-abuse\/\">Legal loopholes don\u2019t help victims of sexualised deepfake abuse<\/a>&#8220;<\/p><\/blockquote>\n<blockquote><p>Quoted in article for <em>Science Magazine<\/em> in 2024 &#8220;<a href=\"https:\/\/www.science.org\/content\/article\/men-psychology-researchers-can-t-seem-remember-their-women-colleagues \">Men psychology researchers can\u2019t seem to remember their women colleagues<\/a>&#8220;<\/p><\/blockquote>\n<blockquote><p>Co-authored article in <em>The Conversation<\/em> in 2024 &#8220;<a href=\"https:\/\/theconversation.com\/whether-of-politicians-pop-stars-or-teenage-girls-sexualised-deepfakes-are-on-the-rise-they-hold-a-mirror-to-our-sexist-world-222491 \">Whether of politicians, pop stars or teenage girls, sexualised deepfakes are on the rise. They hold a mirror to our sexist world<\/a>&#8220;<\/p><\/blockquote>\n<blockquote><p>Research featured in <em>MSNCB<\/em> article in 2024 &#8220;<a href=\"https:\/\/www.msnbc.com\/opinion\/msnbc-opinion\/ai-deepfake-nudes-taylor-swift-x-image-sexual-abuse-rcna136221\">What we keep getting wrong about deepfakes like the fake Taylor Swift nudes<\/a>&#8220;<\/p><\/blockquote>\n<blockquote><p>Quoted in article for <em>Glamour Magazine<\/em> in 2023 &#8220;<a href=\"https:\/\/www.glamour.com\/story\/youre-sending-your-nudes-to-the-wrong-people\">You\u2019re sending your nudes to the wrong people<\/a>&#8220;<\/p><\/blockquote>\n<blockquote><p>Quoted in article for <em>Nature Magazine<\/em> in 2023 &#8220;<a href=\"https:\/\/www.nature.com\/articles\/d41586-023-00711-z\">Academics fight moves to defund diversity programmes at US universities<\/a>&#8220;<\/p><\/blockquote>\n<blockquote><p>Quoted in article for <em>Science Magazine<\/em> in 2023 &#8220;<a href=\"https:\/\/www.science.org\/content\/article\/teaching-evaluations-reflect-and-may-perpetuate-academia-s-gender-biases\">Teaching evaluations reflect\u2014and may perpetuate\u2014academia\u2019s gender biases<\/a>&#8220;<\/p><\/blockquote>\n<blockquote><p>Interviewed for <em>Global News TV<\/em> segment in 2022 &#8220;<a href=\"https:\/\/globalnews.ca\/news\/9304677\/epidemic-sextortion-online-crimes-against-youth\/\">It\u2019s an epidemic\u2019: Sextortion and online crimes against youth spike dramatically<\/a>&#8220;<\/p><\/blockquote>\n<blockquote><p>Interviewed for cover article on Public Psychology in <em>APA Monitor<\/em> in 2022 &#8220;<a href=\"https:\/\/www.apa.org\/monitor\/2022\/2022-11-monitor.pdf \">Publicly Engaged Science<\/a>&#8220;<\/p><\/blockquote>\n<blockquote><p>Quoted in article for <em>Insight into Diversity<\/em> in 2022 &#8220;<a href=\"https:\/\/www.insightintodiversity.com\/experts-encourage-college-campuses-to-prepare-for-repercussions-of-roe-v-wades-overturn\/ \">Experts Encourage College Campuses to Prepare for Repercussions of Roe v. Wade\u2019s Overturn<\/a>&#8220;<\/p><\/blockquote>\n<blockquote><p>Interviewed for <em>NPR\u2019s Academic Minute<\/em> in 2022 &#8220;<a href=\"https:\/\/www.insidehighered.com\/audio\/2022\/04\/27\/addressing-homelessness-through-culture-care\">Addressing homelessness through a culture of care<\/a>&#8220;<\/p><\/blockquote>\n<blockquote><p>Invited panelist at <em>APA Essential Science Conversation Webinar<\/em> in 2022 &#8220;<a href=\"https:\/\/www.youtube.com\/watch?v=jfL0bcCYVrM\" target=\"_blank\" rel=\"noopener\">What is Public Psychology and why is it important?<\/a>&#8220;<\/p><\/blockquote>\n<blockquote><p>Research featured in the<em> Washington Post<\/em> in 2022 &#8220;<a href=\"https:\/\/www.washingtonpost.com\/wellness\/2022\/02\/04\/eating-disorder-recovery-social-media\" target=\"_blank\" rel=\"noopener\">Sharing your eating disorder recovery online can be risky, experts say. Follow this advice.<\/a>&#8220;<\/p><\/blockquote>\n<blockquote><p>Research featured in <em>Mic<\/em> in 2022 &#8220;<a href=\"https:\/\/www.mic.com\/life\/online-sex-blackmailing-during-pandemic\" target=\"_blank\" rel=\"noopener\">&#8220;Sextortion&#8221; rose during the pandemic \u2014 especially for men<\/a>&#8220;<\/p><\/blockquote>\n<blockquote><p>Co-authored 2022 news article for <em>Harvard Business Review (HBR)<\/em> &#8220;<a href=\"https:\/\/hbr.org\/2022\/01\/5-ways-managers-can-support-pregnant-employees\" target=\"_blank\" rel=\"noopener\">5 ways managers can support pregnant employees<\/a>&#8220;<\/p><\/blockquote>\n<blockquote><p>Quoted in 2022 article on <em>Inside Higher Ed<\/em> &#8220;<a href=\"https:\/\/www.insidehighered.com\/news\/2022\/01\/04\/new-data-how-race-and-gender-shape-science\" target=\"_blank\" rel=\"noopener\">How identity shapes science<\/a>&#8220;<\/p><\/blockquote>\n<blockquote><p>Interviewed in 2021 for <em>Science Magazine<\/em> &#8220;<a href=\"https:\/\/www.science.org\/content\/article\/how-begin-building-culture-diversity-equity-and-inclusion-your-research-group\" target=\"_blank\" rel=\"noopener\">How to begin building a culture of diversity, equity, and inclusion in your research group<\/a>&#8220;<\/p><\/blockquote>\n<blockquote><p>Authored news article in 2021 for <em>Women\u2019s Media Center (WMC)<\/em> &#8220;<a href=\"https:\/\/womensmediacenter.com\/news-features\/shield-act-would-be-first-federal-law-on-intimate-image-abuse\" target=\"_blank\" rel=\"noopener\">SHIELD act would be first federal law on intimate image abuse<\/a>&#8220;<\/p><\/blockquote>\n<blockquote><p>Interview in 2021 for <em>Le Scienze<\/em> (MIND) magazine &#8220;<a href=\"http:\/\/faculty.fiu.edu\/~aeaton\/media\/le-scienze-2021\/\">Le vittime del Web<\/a>&#8220;<\/p><\/blockquote>\n<blockquote><p>Radio interview in 2021 for <em>CyberCrime Radio<\/em> &#8220;<a href=\"https:\/\/soundcloud.com\/cybercrimemagazine\/cyber-civil-rights-combating-online-abuse-dr-asia-eaton-ccri\" target=\"_blank\" rel=\"noopener\">Combatting online abuse<\/a>&#8220;<\/p><\/blockquote>\n<blockquote><p>Quoted in 2021 article for <em>Prevention Magazine<\/em> &#8220;<a href=\"http:\/\/faculty.fiu.edu\/~aeaton\/media\/overcoming-implicit-bias-prevention-feb-2021\/\" target=\"_blank\" rel=\"noopener\">How to see what you cannot see<\/a>&#8220;<\/p><\/blockquote>\n<blockquote><p>Research featured in 2020 article for <em>Psychology Today<\/em> &#8220;<a href=\"https:\/\/www.psychologytoday.com\/ca\/blog\/the-right-mindset\/202007\/how-pregnancy-discrimination-affects-health\" target=\"_blank\" rel=\"noopener\">How Pregnancy Discrimination Affects Health<\/a>&#8220;<\/p><\/blockquote>\n<blockquote><p>Research featured in 2020 article for <em>Forbes<\/em> &#8220;<a href=\"https:\/\/www.forbes.com\/sites\/bryanrobinson\/2020\/07\/11\/pregnancy-discrimination-in-the-workplace-affects-mother-and-baby-health\/#5f8a29d0cac6\" target=\"_blank\" rel=\"noopener\">Pregnancy Discrimination In The Workplace Affects Mother And Baby Health<\/a>&#8220;<\/p><\/blockquote>\n<blockquote><p>Research featured in 2020 article for <em>Bloomberg News<\/em> &#8220;<a href=\"https:\/\/www.bloomberg.com\/news\/articles\/2020-07-09\/how-workplace-discrimination-affects-pregnant-women-and-babies\" target=\"_blank\" rel=\"noopener\">When the Boss Is Bad for the Baby<\/a>&#8220;<\/p><\/blockquote>\n<blockquote><p>Research featured in 2020 article for <em>EurekAlert!<\/em> &#8220;<a href=\"https:\/\/www.eurekalert.org\/pub_releases\/2020-07\/bu-stc070720.php\" target=\"_blank\" rel=\"noopener\">Study: Troubling connection between workplace pregnancy discrimination and health of mothers, babies<\/a>&#8220;<\/p><\/blockquote>\n<blockquote><p>Research featured in 2020 article for <em>PsyPost<\/em> &#8220;<a href=\"https:\/\/www.psypost.org\/2020\/06\/study-finds-the-most-racially-prejudiced-people-tend-to-think-that-they-are-less-racist-than-the-average-person-56991\" target=\"_blank\" rel=\"noopener\">Study finds the most racially prejudiced people tend to think that they are less racist than the average person<\/a>&#8220;<\/p><\/blockquote>\n<blockquote><p>Research featured in 2019 article for <em>Newsweek<\/em> &#8220;<a href=\"https:\/\/www.newsweek.com\/congress-failed-katie-hill-opinion-1469623\" target=\"_blank\" rel=\"noopener\">Congress failed Katie Hill<\/a>&#8220;<\/p><\/blockquote>\n<blockquote><p>Research featured in 2019 article for <em>New York Times<\/em> &#8220;<a href=\"https:\/\/www.nytimes.com\/2019\/11\/04\/opinion\/amber-heard-revenge-porn.html\" target=\"_blank\" rel=\"noopener\">Amber Heard: Are We All Celebrities Now?<\/a>&#8220;<\/p><\/blockquote>\n<blockquote><p>Research featured in 2019 article for <em>Teen Vogue<\/em> &#8220;<a href=\"https:\/\/www.teenvogue.com\/story\/cost-of-revenge-porn\" target=\"_blank\" rel=\"noopener\">Revenge porn can haunt you for years<\/a>&#8220;<\/p><\/blockquote>\n<blockquote><p>Research featured in 2019 article for <em>Forbes<\/em> &#8220;<a href=\"https:\/\/www.forbes.com\/sites\/miriamknoll\/2019\/08\/23\/female-physicians-reject-good-enough\/\" target=\"_blank\" rel=\"noopener\">Female physicians reject &#8216;good enough&#8217;<\/a>&#8220;<\/p><\/blockquote>\n<blockquote><p>Video interview for oral history archive containing the stories of feminist psychologists &#8220;<a href=\"https:\/\/www.feministvoices.com\/asia-a-eaton\" target=\"_blank\" rel=\"noopener\">Psychology\u2019s Feminist Voices: Profile of Asia Anna Eaton<\/a>&#8221; (2019)<\/p><\/blockquote>\n<blockquote><p><em>Chronicle Vita<\/em> story in 2019 featuring Dr. Eaton&#8217;s research on bias in STEM &#8220;<a href=\"https:\/\/chroniclevitae.com\/news\/2212-how-the-opaque-way-we-hire-postdocs-contributes-to-science-s-diversity-problem\" target=\"_blank\" rel=\"noopener\">How the opaque way we hire postdocs contributes to science\u2019s diversity problem<\/a>&#8220;<\/p><\/blockquote>\n<blockquote><p><em>Inside Higher Ed<\/em> story in 2019 on Dr. Eaton&#8217;s research on bias in STEM &#8220;<a href=\" https:\/\/www.insidehighered.com\/news\/2019\/06\/07\/new-study-finds-discrimination-against-women-and-racial-minorities-hiring-sciences\" target=\"_blank\" rel=\"noopener\">(More) Bias in Science Hiring<\/a>&#8220;<\/p><\/blockquote>\n<blockquote><p><em>Science Magazine<\/em> story in 2019 on Dr. Eaton&#8217;s research on bias in STEM &#8220;<a href=\"https:\/\/www.sciencemag.org\/careers\/2019\/06\/racial-and-gender-biases-plague-postdoc-hiring\" target=\"_blank\" rel=\"noopener\">Racial and gender biases plague postdoc hiring<\/a>&#8220;<\/p><\/blockquote>\n<blockquote><p>Interviewed for 2019 <em>NBC 6<\/em> TV news story &#8220;<a href=\"https:\/\/www.nbcmiami.com\/investigations\/Nonconsensual-Revenge-Porn-Florida-Cyber-Civil-Rights-509726671.html\" target=\"_blank\" rel=\"noopener\">Illegal Exposure: Sharing Someone Else&#8217;s Private Porn Can Be a Crime<\/a>&#8220;<\/p><\/blockquote>\n<blockquote><p>Research featured in 2019 article for <em>Pacific Standard<\/em>\u00a0 &#8220;<a href=\"https:\/\/psmag.com\/news\/the-most-racist-people-are-the-most-likely-to-underestimate-their-racism?fbclid=IwAR1qT0mMBm68byEuoGOscNyyFcHzIuuQFXmMG65E1dkiRVaoNIrrna39NMA\" target=\"_blank\" rel=\"noopener\">The most racist people are also the most likely to underestimate their racism<\/a>&#8220;<\/p><\/blockquote>\n<blockquote><p>Research featured in 2019 <em>Telemundo<\/em> TV segment, with interview by Ph.D. student Yanet Ruvalcaba, for &#8220;<a href=\"https:\/\/www.telemundo51.com\/noticias\/destacados\/Porno-sin-permiso_TLMD---Miami-509248862.html?fbclid=IwAR1oxDXy2XUvOLFeTg_o3fepGlUnzIxSOkhB2glG8YCT0iVIhaf3VHqQv9w\" target=\"_blank\" rel=\"noopener\">Porno sin permiso<\/a>&#8220;<\/p><\/blockquote>\n<blockquote><p>Research featured in 2019 article for <em>Bloomberg<\/em> &#8220;<a href=\"https:\/\/www.bna.com\/hr-buzz-madisonbound-n57982097742\/?fbclid=IwAR0-mDtT5AnHBw0uSIHFcJGMfWw2QgQa9OUm1rYUlmcoxzwsKpVn5wkShd4\" target=\"_blank\" rel=\"noopener\">HR Buzz: Madison-Bound \u2022 Women at Helm \u2022 New Moms Urged to Exit?<\/a>&#8220;<\/p><\/blockquote>\n<blockquote><p>Quoted in 2019 article for <em>APA Monitor<\/em> &#8220;<a href=\"https:\/\/www.apa.org\/monitor\/2019\/04\/cover-renewing-equality?fbclid=IwAR39IKMJHxVFCsZbiAQyonWq25PHHifzzQIG9VKLwi9VrPL6sYJS_UeV9b4\" target=\"_blank\" rel=\"noopener\">Renewing the push for equality<\/a>&#8220;<\/p><\/blockquote>\n<blockquote><p>Quoted in 2019 article for <em>NYT<\/em>\u00a0 &#8220;<a href=\"https:\/\/www.nytimes.com\/2019\/02\/07\/style\/asmr-definition-video-women.html\" target=\"_blank\" rel=\"noopener\">A.S.M.R. Videos Give People the Tingles (No, Not That Way)<\/a>&#8220;<\/p><\/blockquote>\n<blockquote><p>Quoted in article for <em>Modern CLE<\/em> &#8220;<a href=\"https:\/\/moderncle.com\/2018\/11\/27\/badass-organization-help-revenge-porn-victims\/?fbclid=IwAR0AE4679ok-BsnuzPXW4BgstxToZTEdYblPkYb8_PxtYPMIHbPXck3NYjk\" target=\"_blank\" rel=\"noopener\">Why Katelyn Bowden Launched \u2018BADASS\u2019 to Help Revenge Porn Victims<\/a>&#8220;<\/p><\/blockquote>\n<blockquote><p>Radio interview in 2018 for <em>WLRN\u2019s Sundial<\/em>, South Florida\u2019s NPR station &#8220;<a href=\"http:\/\/www.wlrn.org\/post\/meet-fiu-psychologist-working-stop-non-consensual-porn-social-media\" target=\"_blank\" rel=\"noopener\">Meet the FIU Psychologist Working to Stop Non-Consensual Porn On Social Media<\/a>&#8220;<\/p><\/blockquote>\n<blockquote><p>Quoted in <em>BBC News Mundo<\/em> &#8220;<a href=\"https:\/\/www.bbc.com\/mundo\/noticias-45361587\" target=\"_blank\" rel=\"noopener\">A qu\u00e9 edad solemos conocer cu\u00e1l es nuestra orientaci\u00f3n sexual<\/a>&#8221; (At what age do we usually know what our sexual orientation is?)&#8221;<\/p><\/blockquote>\n<blockquote><p>Podcast interview in 2018 for <em>\u201cDepartment 12\u201d I-O podcast<\/em> &#8220;<a href=\"http:\/\/department12.com\/ryan-jacobson-asia-eaton-on-sexual-harassment-policies\/\" target=\"_blank\" rel=\"noopener\">Ryan Jacobson &amp; Asia Eaton on sexual harassment policies<\/a>&#8220;<\/p><\/blockquote>\n<blockquote><p>Research featured in 2018 article for the <em>Society for Industrial and Organizational Psychology<\/em> &#8220;<a href=\"http:\/\/www.siop.org\/article_view.aspx?article=1760\" target=\"_blank\" rel=\"noopener\">How organizations can really fight sexual harassment<\/a>&#8220;<\/p><\/blockquote>\n<blockquote><p>Quoted in 2017 <em>Oxygen<\/em> News story &#8220;<a href=\"http:\/\/www.oxygen.com\/blogs\/1-in-20-social-media-users-have-shared-nonconsensual-pornography\" target=\"_blank\" rel=\"noopener\">1 in 20 social media users have shared nonconsensual pornography<\/a>&#8220;<\/p><\/blockquote>\n<blockquote><p>Quoted in 2017 <em>Vocativ<\/em> News story &#8220;<a href=\"http:\/\/www.vocativ.com\/437803\/ccri-nonconsensual-revenge-porn\/\" target=\"_blank\" rel=\"noopener\">Survey: 1 in 20 social media users have shared nonconsensual porn<\/a>&#8220;<\/p><\/blockquote>\n<blockquote><p>Quoted in 2017 <em>Mic<\/em> News story &#8220;<a href=\"https:\/\/mic.com\/articles\/174122\/marines-united-facebook-revenge-porn-problem-dark-web-military-women-open-letter\" target=\"_blank\" rel=\"noopener\">Military women plead with Facebook to address the continued spread of revenge porn<\/a>&#8220;<\/p><\/blockquote>\n<blockquote><p>Featured in 2016 <em>Miami New Times<\/em> story, &#8220;<a href=\"http:\/\/www.miaminewtimes.com\/news\/faculty-demand-fiu-become-sanctuary-campus-for-immigrants-8973575\" target=\"_blank\" rel=\"noopener\">Faculty demand FIU become &#8220;Sanctuary Campus&#8221; for immigrants&#8221;<\/a><\/p><\/blockquote>\n<blockquote>\n<p style=\"text-align: left;\">Quoted in 2015 <em>Rise Miami<\/em> News <a href=\"http:\/\/risenews.net\/2015\/11\/is-sugardaddie-com-just-an-online-brothel\/\" target=\"_blank\" rel=\"noopener\">about the online site Sugardaddies<\/a><\/p>\n<\/blockquote>\n<p style=\"text-align: center;\"><strong><em>SELECT<\/em><\/strong> TV INTERVIEWS AND INVITED LECTURES<\/p>\n<p><a href=\"https:\/\/youtu.be\/tRRDd5EfmhQ\" target=\"_blank\" rel=\"noopener\"> CBS4 News Segment &#8220;FIU Warning Students About Sextortion After Campus PD Identifies 4 Cases&#8221; <\/a> (2022)<\/p>\n<p><iframe loading=\"lazy\" src=\"https:\/\/cbsloc.al\/3FAttdj\" width=\"560\" height=\"315\" frameborder=\"0\" allowfullscreen=\"allowfullscreen\"><\/iframe><\/p>\n<p><a href=\"https:\/\/youtu.be\/tRRDd5EfmhQ\" target=\"_blank\" rel=\"noopener\"> NBC6 News Segment on the &#8220;Rise in Cyber Partner Violence&#8221; during COVID-19 <\/a> (2020)<\/p>\n<p><iframe loading=\"lazy\" src=\"https:\/\/www.youtube.com\/embed\/tRRDd5EfmhQ\" width=\"560\" height=\"315\" frameborder=\"0\" allowfullscreen=\"allowfullscreen\"><\/iframe><\/p>\n<p><a href=\"https:\/\/rossmedia.bus.umich.edu\/rossmedia\/Play\/eb70b8c8dd954f17ab460f52ce5579d41d?autoStart=false\" target=\"_blank\" rel=\"noopener\"> Dr. Asia Eaton, 2019 Interdisciplinary Committee on Organizational Studies (ICOS) Speaker at University of Michigan, discussing &#8220;Workplace Discrimination at the Intersection of Race and Gender&#8221; <\/a> (2019)<\/p>\n<p><iframe loading=\"lazy\" src=\"https:\/\/rossmedia.bus.umich.edu\/rossmedia\/Play\/eb70b8c8dd954f17ab460f52ce5579d41d?autoStart=false\" width=\"560\" height=\"315\" frameborder=\"0\" allowfullscreen=\"allowfullscreen\"><\/iframe><\/p>\n<p><a href=\"https:\/\/www.youtube.com\/watch?v=vPhv7gk125I&amp;list=PLrEdU7gZK0VuQBtfvTF_tGixRCOaDPzt1&amp;index=4&amp;t=0s\" target=\"_blank\" rel=\"noopener\"> Dr. Asia Eaton, 2019 Outstanding Teaching &amp; Mentoring Award Winner <\/a> (2019)<\/p>\n<p><iframe loading=\"lazy\" src=\"https:\/\/www.youtube.com\/embed\/vPhv7gk125I\" width=\"560\" height=\"315\" frameborder=\"0\" allowfullscreen=\"allowfullscreen\"><\/iframe><\/p>\n<p><a href=\"https:\/\/www.youtube.com\/embed\/mg7klVmhIuE\" target=\"_blank\" rel=\"noopener\"> Shaken and Stirred Invited Talk at SIOP 2018: Valuing the &#8220;Feminine&#8221; at Work <\/a> (2018)<\/p>\n<p><iframe loading=\"lazy\" src=\"https:\/\/www.youtube.com\/embed\/mg7klVmhIuE\" width=\"420\" height=\"315\" frameborder=\"0\" allowfullscreen=\"allowfullscreen\"><span style=\"display: inline-block; width: 0px; overflow: hidden; line-height: 0;\" data-mce-type=\"bookmark\" class=\"mce_SELRES_start\">\ufeff<\/span><\/iframe><\/p>\n<p><a href=\"https:\/\/video.wpbt2.org\/video\/monthly-public-affairs-viewpoint-scotus-same-sex-ruling\/\" target=\"_blank\" rel=\"noopener\"> Viewpoint with Henry Mack on the Supreme Court Decision on marriage equality <\/a> (2015)<\/p>\n<p><iframe loading=\"lazy\" src=\"https:\/\/player.pbs.org\/viralplayer\/2365521933\/\" width=\"512\" height=\"376\" frameborder=\"0\" marginwidth=\"0\" marginheight=\"0\" scrolling=\"no\" seamless=\"\" allowfullscreen=\"allowfullscreen\"><\/iframe><\/p>\n<p><a href=\"https:\/\/youtu.be\/ch99UPHK4sE\" target=\"_blank\" rel=\"noopener\"> Issues with Helen Ferr\u00e9, discussing gender identity and Caitlyn Jenner\u2019s transition <\/a> (2015)<\/p>\n<p><iframe loading=\"lazy\" src=\"https:\/\/www.youtube.com\/embed\/ch99UPHK4sE\" width=\"420\" height=\"315\" frameborder=\"0\" allowfullscreen=\"allowfullscreen\"><\/iframe><\/p>\n<p><a href=\"https:\/\/youtu.be\/Ga3RRAi4Vhc\" target=\"_blank\" rel=\"noopener\">Issues with Helen Ferr\u00e9 on the legalization of same sex marriage in Florida <\/a> (2015)<\/p>\n<p><iframe loading=\"lazy\" src=\"https:\/\/www.youtube.com\/embed\/Ga3RRAi4Vhc\" width=\"420\" height=\"315\" frameborder=\"0\" allowfullscreen=\"allowfullscreen\"><\/iframe><\/p>\n<p style=\"text-align: center;\">OTHER\u00a0 VIDEOS<\/p>\n<p>Video interview with the National Alliance for Youth Sports (NAYS), How coaches can approach and respond to teen dating violence (2017)<\/p>\n<blockquote>\n<p style=\"text-align: left;\">COMING SOON<\/p>\n<\/blockquote>\n<p><a href=\"http:\/\/mediaweb.fiu.edu\/Mediasite\/Play\/792b6c4abbc84f1884a78b13cbd0e1ee1d?playfrom=0&amp;player=d3641b73caca4d37b5d868b9ada57aba0a\" target=\"_blank\" rel=\"noopener\">Addressing Cultural Identities When Conducting Research in Miami: Black, Hispanic, and LGBTQ<\/a> (2015)<\/p>\n<p><iframe loading=\"lazy\" src=\"http:\/\/mediaweb.fiu.edu\/Mediasite\/Play\/792b6c4abbc84f1884a78b13cbd0e1ee1d?playfrom=0&amp;player=d3641b73caca4d37b5d868b9ada57aba0a\" width=\"320\" height=\"240\" frameborder=\"0\" marginwidth=\"0\" marginheight=\"0\" scrolling=\"auto\"><\/iframe><\/p>\n<p>&#8212;-<br \/>\n<a href=\"http:\/\/mediaweb.fiu.edu\/Mediasite\/Play\/aaa99b931f5440098bff62ed38e90eff1d\" target=\"_blank\" rel=\"noopener\">Caitlyn, Miley, and Gaga: Talking To Your Kids About Sexual and Gender Diversity<\/a> (2015)<\/p>\n<p><iframe loading=\"lazy\" src=\"http:\/\/mediaweb.fiu.edu\/Mediasite\/Play\/aaa99b931f5440098bff62ed38e90eff1d\" width=\"320\" height=\"240\" frameborder=\"0\" marginwidth=\"0\" marginheight=\"0\" scrolling=\"auto\"><\/iframe><\/p>\n<p>&nbsp;<\/p>\n","protected":false},"excerpt":{"rendered":"<p>Dr. Eaton&#8217;s recent media and community appearances are below: SELECT PRINT AND AUDIO INTERVIEWS AND APPEARANCES Dr. Eaton&#8217;s blog for Psychology Today (2020-present) Interviewed for article by Chronically Online Magazine in 2026 &#8220;Artificial Exploitation: AI porn is getting real \u2014 and that\u2019s a problem&#8221; Interviewed for report by RepresentWomen in 2026 &#8220;Online Violence Against Black [&hellip;]<\/p>\n","protected":false},"author":2,"featured_media":0,"parent":0,"menu_order":6,"comment_status":"closed","ping_status":"closed","template":"template-nosidebar.php","meta":{"footnotes":""},"class_list":["post-267","page","type-page","status-publish","hentry"],"_links":{"self":[{"href":"https:\/\/faculty.fiu.edu\/~aeaton\/wp-json\/wp\/v2\/pages\/267","targetHints":{"allow":["GET"]}}],"collection":[{"href":"https:\/\/faculty.fiu.edu\/~aeaton\/wp-json\/wp\/v2\/pages"}],"about":[{"href":"https:\/\/faculty.fiu.edu\/~aeaton\/wp-json\/wp\/v2\/types\/page"}],"author":[{"embeddable":true,"href":"https:\/\/faculty.fiu.edu\/~aeaton\/wp-json\/wp\/v2\/users\/2"}],"replies":[{"embeddable":true,"href":"https:\/\/faculty.fiu.edu\/~aeaton\/wp-json\/wp\/v2\/comments?post=267"}],"version-history":[{"count":104,"href":"https:\/\/faculty.fiu.edu\/~aeaton\/wp-json\/wp\/v2\/pages\/267\/revisions"}],"predecessor-version":[{"id":955,"href":"https:\/\/faculty.fiu.edu\/~aeaton\/wp-json\/wp\/v2\/pages\/267\/revisions\/955"}],"wp:attachment":[{"href":"https:\/\/faculty.fiu.edu\/~aeaton\/wp-json\/wp\/v2\/media?parent=267"}],"curies":[{"name":"wp","href":"https:\/\/api.w.org\/{rel}","templated":true}]}}